{"id":1509,"date":"2025-02-23T12:00:09","date_gmt":"2025-02-23T11:00:09","guid":{"rendered":"http:\/\/archiviodistatovarese.cultura.gov.it\/?page_id=1509"},"modified":"2025-02-23T12:00:11","modified_gmt":"2025-02-23T11:00:11","slug":"programmazione-manutenzione-e-salvaguardia-negli-istituti-culturali-piani-di-emergenza-per-archivi-biblioteche-musei","status":"publish","type":"page","link":"https:\/\/archiviodistatovarese.cultura.gov.it\/?page_id=1509","title":{"rendered":"Programmazione, manutenzione e salvaguardia negli Istituti Culturali. (Piani di emergenza per archivi, biblioteche, musei\u2026)"},"content":{"rendered":"\n<h3 class=\"wp-block-heading\">Varese &#8211; Castello di Masnago &#8211; Via Cola di Rienzo, n. 42 &#8211; Archivio di Stato di Varese Soprintendenza Archivistica per la Lombardia Soprintendenza Beni Librari Regione Lombardia<\/h3>\n\n\n\n<h3 class=\"wp-block-heading\">28 giugno 2012 &#8211; Giornata di studio<\/h3>\n\n\n\n<p><strong>Giornata di aggiornamento e formazione<\/strong>\u00a0su piani di emergenza per la gestione di archivi, biblioteche, musei&#8230; degli enti pubblici, gioved\u00ec 28\/06\/2012 presso la Sala Conferenze del Castello di Masnago, Via Cola di Rienzo n. 42 &#8211; Varese, Masnago, h. 9.15 &#8211; 16.15<\/p>\n\n\n\n<p>Gli ultimi eventi sull&#8217;emergenza che ha colpito il Nord Italia, il grande lavoro promosso dalla Soprintendenza ai Beni Librari, Regione Lombardia, Cultura,&nbsp; dall&#8217;Archivio di Stato di Milano e dalla Soprintendenza Archivistica per la Lombardia, portano ad organizzare una giornata di studio sull&#8217;emergenza negli Istituti Culturali e la necessit\u00e0 di predisporre opportuni piani di emergenza per la salvaguardia del patrimonio culturale affidatoci.<\/p>\n\n\n\n<p>Il patrimonio culturale \u00e8 perennemente soggetto a rischio forse maggiore per documenti e libri che tralasciando i pericoli derivanti da fattori naturali, vandalici o legati alla conservazione, per essere fruiti devono essere necessariamente manipolati e movimentati.<\/p>\n\n\n\n<p>Se la conservazione preventiva effettuata a largo raggio assicura il benessere fisico dei beni nel tempo, l&#8217;elaborazione di un piano contenente prescrizioni immediate da attuare in caso di emergenza e precise e dettagliate indicazioni sulle azioni da compiere nell&#8217;eventualit\u00e0 di un evento calamitoso, salva la struttura dalla totale distruzione del patrimonio in funzione del quale essa stessa esiste: il salvataggio dei documenti pi\u00f9 significativi assicura la sopravvivenza dell&#8217;ente.<\/p>\n\n\n\n<p>Questi principi valgono anche per biblioteche, musei, parchi.<\/p>\n\n\n\n<p>Tuttavia pur considerando che tutti i documenti, libri, quadri, manufatti &#8230; hanno rilevanza storico-culturale fin dall&#8217;origine in quanto testimonianza &#8211; per la documentazione archivistica &#8211; scritta di atti giuridici o di eventi politici e sociali e che in una situazione di reale pericolo per ovvie ragioni non sar\u00e0 possibile intervenire contemporaneamente su tutto il materiale a rischio, ogni archivio, ogni biblioteca, ogni museo deve preparare un elenco di fondi archivistici, bibliotecari, museali da salvare con priorit\u00e0 in caso di emergenza scelti in base a criteri determinati dalla natura della documentazione, dell&#8217;edizione e preziosit\u00e0 del libro, all&#8217;unicit\u00e0 e rarit\u00e0 dell&#8217;opera d&#8217;arte, del reperto archeologico&#8230; e stabilire anche una scala di priorit\u00e0: alta, media, bassa.<\/p>\n\n\n\n<p>Preparando in anticipo e a mente fredda un dettagliato piano di azione, si potr\u00e0 fronteggiare meglio l&#8217;emergenza.<\/p>\n\n\n\n<p>Il Ministero dei Beni e delle Attivit\u00e0 Culturali da anni sta lavorando su questo fronte con norme generali prescritte dalle circolari n. 115\/04 del 30 luglio 2004, sulla redazione dei piani di gestione dei siti UNESCO, e la circolare &nbsp;n. 132 dell&#8217;8 ott. 2004, sui piani di emergenza per la tutela del patrimonio culturale, ossia sulla protezione del patrimonio artistico mobile.<\/p>\n\n\n\n<p>Dal 2008 la Soprintendenza Beni Librari Regione Lombardia in collaborazione con l&#8217;Archivio di Stato di Milano, la Soprintendenza Archivistica per la Lombardia , avvalendosi di altri Enti, Biblioteche ha istituito un gruppo di studio sull&#8217;emergenza in biblioteca ed archivio.<\/p>\n\n\n\n<p>Il lavoro del gruppo &#8220;Emergenza&#8221;ha portato alla simulazione di emergenze a Milano (Castello Sforzesco &#8211; Biblioteca Trivulziana e Archivio di Stato di Milano) e fuori Milano (Bergamo, Civica biblioteca \u2018Angelo Mai&#8217;) e a diversi Seminari, basti ricordare il pi\u00f9 recente tenutasi a Milano, Palazzo ex Stelline, Sala Branmante in Milano il 15 marzo u.s.&nbsp;<em>Cultural Heritage Preservation and Conservation.&nbsp;<\/em><em>What&#8230;when&#8230;who&#8230;why&#8230;where&#8230;how&#8230;how much&#8230;how long&#8230; Few questions in case of prevention and care after a disaster.<\/em><\/p>\n\n\n\n<p>Gioved\u00ec 28 giugno, nello splendido contesto del Castello di Masnago, concesso dal Comune di Varese, che collabora alla realizzazione di questa giornata di aggiornamento e di formazione, presenti tra i relatori la dottoressa Ornella Foglieni, Soprintendente ai Beni Librari Regione Lombardia, il dottor Maurizio Savoja, Soprintendente Archivistico per la Lombardia, il prof. Massimo Carcione dell&#8217;Universit\u00e0 degli Studi del Piemonte Orientale, consulente del Comitato UNESCO per la protezione dei beni culturali e dello Scudo Blu (ICBS), si discuter\u00e0 di emergenza e di altre problematiche legate alla programmazione alla manutenzione e alla salvaguardia del patrimonio culturale affidatoci.<\/p>\n","protected":false},"excerpt":{"rendered":"<p>Varese &#8211; Castello di Masnago &#8211; Via Cola di Rienzo, n. 42 &#8211; Archivio di Stato di Varese Soprintendenza Archivistica per la Lombardia Soprintendenza Beni Librari Regione Lombardia 28 giugno 2012 &#8211; Giornata di studio Giornata di aggiornamento e formazione\u00a0su piani di emergenza per la gestione di archivi, biblioteche, musei&#8230; degli enti pubblici, gioved\u00ec 28\/06\/2012 [&hellip;]<\/p>\n","protected":false},"author":1,"featured_media":0,"parent":0,"menu_order":0,"comment_status":"closed","ping_status":"closed","template":"","meta":{"_monsterinsights_skip_tracking":false,"_monsterinsights_sitenote_active":false,"_monsterinsights_sitenote_note":"","_monsterinsights_sitenote_category":0,"episode_type":"","audio_file":"","cover_image":"","cover_image_id":"","duration":"","filesize":"","date_recorded":"","explicit":"","block":"","filesize_raw":"","footnotes":""},"class_list":["post-1509","page","type-page","status-publish","hentry"],"_links":{"self":[{"href":"https:\/\/archiviodistatovarese.cultura.gov.it\/index.php?rest_route=\/wp\/v2\/pages\/1509","targetHints":{"allow":["GET"]}}],"collection":[{"href":"https:\/\/archiviodistatovarese.cultura.gov.it\/index.php?rest_route=\/wp\/v2\/pages"}],"about":[{"href":"https:\/\/archiviodistatovarese.cultura.gov.it\/index.php?rest_route=\/wp\/v2\/types\/page"}],"author":[{"embeddable":true,"href":"https:\/\/archiviodistatovarese.cultura.gov.it\/index.php?rest_route=\/wp\/v2\/users\/1"}],"replies":[{"embeddable":true,"href":"https:\/\/archiviodistatovarese.cultura.gov.it\/index.php?rest_route=%2Fwp%2Fv2%2Fcomments&post=1509"}],"version-history":[{"count":2,"href":"https:\/\/archiviodistatovarese.cultura.gov.it\/index.php?rest_route=\/wp\/v2\/pages\/1509\/revisions"}],"predecessor-version":[{"id":1511,"href":"https:\/\/archiviodistatovarese.cultura.gov.it\/index.php?rest_route=\/wp\/v2\/pages\/1509\/revisions\/1511"}],"wp:attachment":[{"href":"https:\/\/archiviodistatovarese.cultura.gov.it\/index.php?rest_route=%2Fwp%2Fv2%2Fmedia&parent=1509"}],"curies":[{"name":"wp","href":"https:\/\/api.w.org\/{rel}","templated":true}]}}